n factor of 91863215 and 566.
283
What is the greatest common divisor of 4 and 371654024?
4
Calculate the highest common factor of 79 and 20301499.
79
What is the highest common factor of 50419800 and 37800?
5400
What is the greatest common divisor of 70 and 1924664210?
70
Calculate the highest common factor of 250 and 900.
50
What is the greatest common factor of 2403 and 607986?
27
Calculate the greatest common factor of 568708 and 50540.
532
Calculate the greatest common factor of 23 and 117105.
1
What is the greatest common divisor of 3208 and 1961874856?
3208
What is the greatest common factor of 1399954 and 27542?
586
What is the highest common factor of 76345855 and 115?
115
Calculate the highest common factor of 21318 and 60126.
66
Calculate the highest common divisor of 171 and 6357258.
9
What is the highest common factor of 11508 and 1661100?
84
Calculate the greatest common factor of 561225 and 2955.
15
Calculate the highest common divisor of 876413021 and 1793.
1793
Calculate the highest common divisor of 40428 and 753533.
1123
What is the highest common factor of 6300 and 8672790?
210
What is the greatest common factor of 22089 and 5859?
3
Calculate the highest common factor of 224383366 and 8934.
2978
Calculate the greatest common divisor of 277916 and 280356.
244
Calculate the highest common divisor of 27382806 and 792.
198
Calculate the greatest common divisor of 15869833 and 113.
113
What is the greatest common divisor of 2236 and 224861?
13
Calculate the greatest common divisor of 971711 and 910.
13
Calculate the greatest common factor of 7520513 and 728.
91
What is the highest common factor of 22 and 49967962?
22
What is the greatest common divisor of 2326516 and 180606?
1942
What is the highest common factor of 16985615 and 10?
5
Calculate the highest common divisor of 20 and 47631360.
20
Calculate the greatest common factor of 884054 and 50.
2
What is the greatest common factor of 16120 and 252440?
40
Calculate the greatest common factor of 16615688 and 9351.
1039
Calculate the highest common divisor of 25 and 98037305.
5
What is the greatest common divisor of 16405 and 2471545?
85
What is the greatest common factor of 120 and 2001064620?
60
Calculate the highest common factor of 4345875 and 1335.
15
What is the greatest common divisor of 118666828 and 196?
196
Calculate the greatest common factor of 20395557 and 91.
91
Calculate the greatest common factor of 4862 and 311302706.
286
Calculate the greatest common divisor of 1782 and 5108004.
198
What is the greatest common divisor of 288380 and 13860?
20
What is the highest common divisor of 1044820 and 65?
5
What is the greatest common divisor of 10260 and 1594080?
540
Calculate the highest common divisor of 181250 and 11484.
58
Calculate the highest common divisor of 156 and 33908277.
39
What is the highest common factor of 55 and 10385430?
55
Calculate the highest common divisor of 732 and 115326783.
183
Calculate the highest common divisor of 243 and 4485051.
243
Calculate the highest common divisor of 1100 and 6464029.
11
Calculate the highest common divisor of 173642 and 110126.
158
What is the highest common divisor of 9684522 and 486?
486
What is the highest common divisor of 4672799 and 18569?
599
Calculate the highest common divisor of 17090613 and 11097.
1233
Calculate the highest common divisor of 5057712 and 4743.
279
Calculate the highest common divisor of 52 and 25350858.
26
What is the greatest common divisor of 18569859 and 2622?
57
What is the highest common divisor of 800 and 698825?
25
Calculate the highest common divisor of 7997 and 1880566523.
7997
Calculate the highest common factor of 32499630 and 1620.
810
Calculate the highest common divisor of 227350558 and 2186.
2186
Calculate the greatest common divisor of 2632286 and 2.
2
Calculate the highest common divisor of 1769 and 323721693.
1769
Calculate the greatest common factor of 6156 and 85200978.
114
What is the greatest common factor of 98368 and 36252?
212
What is the highest common divisor of 1490 and 813586190?
1490
What is the greatest common divisor of 2086977580 and 6260?
6260
Calculate the greatest common divisor of 382 and 4903543.
191
Calculate the highest common factor of 16682603 and 93107.
329
Calculate the greatest common factor of 14999002 and 688.
86
Calculate the greatest common factor of 353 and 185652.
1
What is the greatest common factor of 362956540 and 15?
5
What is the greatest common factor of 18284194 and 76?
38
Calculate the greatest common divisor of 116800434 and 189.
27
What is the highest common divisor of 408124618 and 33?
11
Calculate the highest common factor of 44 and 3975554.
22
What is the highest common divisor of 9710949 and 9?
3
What is the greatest common factor of 203931 and 1031940?
2457
Calculate the highest common factor of 10425 and 1095.
15
What is the highest common factor of 183956729 and 11?
11
What is the highest common factor of 398748397 and 24385?
4877
Calculate the greatest common divisor of 86 and 6878452.
86
What is the highest common divisor of 169 and 3445565071?
169
What is the greatest common divisor of 5300 and 1746880?
1060
Calculate the greatest common divisor of 177592 and 3913768.
2248
What is the highest common factor of 146593297 and 37?
37
Calculate the greatest common divisor of 10052 and 1009185618.
5026
What is the greatest common divisor of 1343935 and 225?
5
Calculate the greatest common divisor of 1651612934 and 391.
391
Calculate the highest common divisor of 186 and 35913593.
31
What is the greatest common factor of 2 and 30765074?
2
Calculate the highest common divisor of 976058 and 86041.
139
What is the highest common factor of 36603626 and 1058?
1058
What is the highest common factor of 1845 and 2721330?
45
What is the highest common factor of 95653656 and 756?
756
What is the greatest common factor of 1805 and 2697140?
5
Calculate the greatest common divisor of 96 and 1373256.
24
What is the highest common divisor of 91464 and 9102?
222
Calculate the highest common factor of 66 and 4579572.
6
Calculate the greatest common divisor of 166699952 and 92.
92
Calculate the greatest common factor of 117847 and 23493.
191
Calculate the greatest common divisor of 1233892 and 493.
29
Calculate the highest common factor of 16995 and 682581.
309
Calculate the greatest common factor of 441834103 and 23194.
11597
What is the greatest common factor of 10868 and 78767312?
988
Calculate the highest common factor of 976 and 29448.
8
Calculate the highest common factor of 1111738 and 47846.
94
Calculate the greatest common divisor of 13 and 403438620.
13
What is the highest common factor of 5558670 and 2340?
1170
What is the highest common divisor of 16 and 209074120?
8
What is the highest common factor of 2349424 and 6608?
112
What is the highest common divisor of 65227 and 2791029?
3433
What is the greatest common divisor of 1928 and 827?
1
What is the greatest common divisor of 1303164 and 318?
318
What is the highest common divisor of 27059274 and 210375?
1683
What is the highest common divisor of 2352 and 2728131?
21
What is the highest common factor of 201 and 4853480?
67
Calculate the greatest common divisor of 5 and 24393270.
5
What is the highest common factor of 392465 and 995340?
265
What is the greatest common factor of 400 and 1633825?
25
What is the highest common divisor of 650 and 1342070?
10
Calculate the greatest common divisor of 1076658 and 290037.
363
What is the greatest common divisor of 4506080 and 1360?
80
Calculate the highest common factor of 178101 and 26169.
33
Calculate the highest common divisor of 146783 and 26208.
91
Calculate the greatest common divisor of 308245 and 80843.
7
Calculate the highest common divisor of 132732 and 404341.
1229
Calculate the highest common factor of 877757 and 229.
229
Calculate the highest common factor of 13068 and 7072704.
108
What is the greatest common divisor of 79 and 78924239?
79
What is the greatest common factor of 2056491720 and 135?
135
Calculate the highest common factor of 86311851 and 38.
19
Calculate the greatest common factor of 552123 and 1482.
39
What is the greatest common factor of 95592900 and 110?
10
Calculate the highest common divisor of 23915192